rue
Is 71587 composite?
True
Is 38149 a composite number?
False
Is 1034153 a composite number?
True
Is 1345117 a prime number?
True
Is 109 composite?
False
Is 36893 composite?
True
Is 8147 composite?
False
Is 14369 a composite number?
False
Is 46583 a composite number?
True
Is 7711 a composite number?
True
Is 90107 a prime number?
True
Is 563 prime?
True
Is 1273 prime?
False
Is 35027 composite?
False
Is 2251423 a prime number?
True
Is 21979 a prime number?
False
Is 6121 composite?
False
Is 263861 a prime number?
False
Is 3430771 a prime number?
True
Is 8705 a prime number?
False
Is 410983 composite?
False
Is 1439 prime?
True
Is 88589 a composite number?
False
Is 117281 composite?
False
Is 1334233 a composite number?
False
Is 45077 a composite number?
False
Is 173479 composite?
True
Is 19921 a prime number?
False
Is 69371 composite?
False
Is 32603 prime?
True
Is 63667 composite?
False
Is 724085 prime?
False
Is 3787 a prime number?
False
Is 5017 composite?
True
Is 24197 composite?
False
Is 415931 composite?
False
Is 14974 a composite number?
True
Is 13441 a composite number?
False
Is 5981 a composite number?
False
Is 23117 composite?
False
Is 351587 a composite number?
False
Is 156667 a composite number?
True
Is 1535 a prime number?
False
Is 70391 composite?
True
Is 4291 prime?
False
Is 72629 prime?
False
Is 3085303 a composite number?
True
Is 660683 a composite number?
False
Is 18965 prime?
False
Is 295 a composite number?
True
Is 691 prime?
True
Is 142473 prime?
False
Is 10551 composite?
True
Is 2333 composite?
False
Is 6234115 a composite number?
True
Is 4751 a composite number?
False
Is 3833 a prime number?
True
Is 227239 a prime number?
False
Is 251 a prime number?
True
Is 11545 prime?
False
Is 22549 a composite number?
False
Is 29591 a composite number?
True
Is 8079 prime?
False
Is 7933 prime?
True
Is 74279 a composite number?
False
Is 5557 a prime number?
True
Is 380903 composite?
True
Is 185587 a composite number?
True
Is 78935 a prime number?
False
Is 546701 prime?
False
Is 153991 composite?
False
Is 204667 a composite number?
False
Is 602189 a prime number?
False
Is 7607 prime?
True
Is 1847 a composite number?
False
Is 25903 composite?
False
Is 3156697 a composite number?
False
Is 626414 a composite number?
True
Is 191211 a prime number?
False
Is 31859 prime?
True
Is 558611 a prime number?
True
Is 8321 a composite number?
True
Is 185429 prime?
True
Is 157837 prime?
True
Is 10167 composite?
True
Is 69289 a composite number?
True
Is 228277 prime?
False
Is 4039 a prime number?
False
Is 44617 prime?
True
Is 7069 a composite number?
False
Is 8779 composite?
False
Is 58137 a prime number?
False
Is 2149 a prime number?
False
Is 3453 a composite number?
True
Is 296935 a prime number?
False
Is 1721 a prime number?
True
Is 100019 a prime number?
True
Is 280537 a prime number?
True
Is 127115 composite?
True
Is 366127 a composite number?
False
Is 473719 composite?
False
Is 122035 prime?
False
Is 21631 prime?
False
Is 90203 composite?
False
Is 431251 a composite number?
False
Is 6163 prime?
True
Is 225037 composite?
False
Is 33751 a prime number?
True
Is 29753 a prime number?
True
Is 81611 prime?
True
Is 161 a composite number?
True
Is 13121 composite?
False
Is 375607 a prime number?
True
Is 25367 a prime number?
True
Is 49399 composite?
True
Is 2333 composite?
False
Is 1199 a composite number?
True
Is 23447 prime?
True
Is 9923 a prime number?
True
Is 291287 composite?
False
Is 471857 composite?
True
Is 12611 composite?
False
Is 1593091 composite?
True
Is 7279 composite?
True
Is 1062709 a prime number?
False
Is 21281 prime?
False
Is 154387 composite?
False
Is 193423 prime?
True
Is 134929 a prime number?
False
Is 194591 a prime number?
True
Is 10297 a composite number?
True
Is 4645 a prime number?
False
Is 10427 a prime number?
True
Is 13441 a composite number?
False
Is 116507 a composite number?
False
Is 7207 a prime number?
True
Is 103387 a composite number?
False
Is 6893 prime?
False
Is 216289 a composite number?
False
Is 2484089 composite?
False
Is 239693 a prime number?
False
Is 75157 prime?
False
Is 1423909 composite?
False
Is 66029 composite?
False
Is 56939 composite?
True
Is 817823 prime?
True
Is 2228261 composite?
True
Is 31763 a prime number?
False
Is 802487 a composite number?
True
Is 77109 a composite number?
True
Is 87821 a composite number?
True
Is 1377151 prime?
True
Is 21809 composite?
True
Is 253307 a prime number?
True
Is 4298299 a prime number?
True
Is 9742 a composite number?
True
Is 53479 a prime number?
True
Is 17194 composite?
True
Is 3292202 a prime number?
False
Is 835841 a composite number?
False
Is 367433 composite?
True
Is 1076203 prime?
True
Is 1572869 a composite number?
False
Is 6943 a prime number?
False
Is 6933 composite?
True
Is 777941 composite?
True
Is 9533 prime?
True
Is 21313 composite?
False
Is 32831 composite?
False
Is 2365349 a prime number?
False
Is 10289 composite?
False
Is 11993 a composite number?
True
Is 108291 prime?
False
Is 464371 composite?
False
Is 9479 composite?
False
Is 9017 a prime number?
False
Is 8053 a composite number?
False
Is 873133 prime?
True
Is 367147 prime?
False
Is 64033 composite?
False
Is 21089 a prime number?
True
Is 787 a composite number?
False
Is 104693 composite?
False
Is 204119 composite?
True
Is 74797 prime?
True
Is 105874 a composite number?
True
Is 19439 a composite number?
True
Is 377053 a composite number?
True
Is 35729 composite?
False
Is 10589 a composite number?
False
Is 446647 a composite number?
False
Is 6835 prime?
False
Is 31591 a prime number?
False
Is 374501 composite?
False
Is 65577 a prime number?
False
Is 3011 a composite number?
False
Is 7411 a composite number?
False
Is 83537 prime?
True
Is 862349 a composite number?
True
Is 16921 composite?
False
Is 438143 prime?
True
Is 57335 composite?
True
Is 4049 composite?
False
Is 44491 a composite number?
False
Is 74569 a composite number?
True
Is 15469 a composite number?
True
Is 7283 prime?
True
Is 106243 prime?
True
Is 2859047 composite?
False
Is 7997 prime?
False
Is 21269 prime?
True
Is 2327 prime?
False
Is 17417 composite?
False
Is 211 prime?
True
Is 2426 a prime number?
False
Is 341529 composite?
True
Is 19567 composite?
True
Is 89951 composite?
True
Is 7331 composite?
False
Is 3461377 a prime number?
False
Is 15802 composite?
True
Is 385619 prime?
False
Is 3779 a prime number?
True
Is 752786 prime?
False
Is 324889 a composite number?
False
Is 4105 a composite number?
True
Is 686723 a composite number?
False
Is 53237 prime?
False
Is 610199 prime?
True
Is 17251 composite?
True
Is 610307 prime?
False
Is 236921 prime?
False
Is 4339 a composite number?
False
Is 200521 a prime number?
False
Is 12333 composite?
True
Is 815 a prime number?
False
Is 5569 composite?
False
Is 16526 a composite number?
True
Is 951221 prime?
True
Is 68269 composite?
True
Is 21457 prime?
False
Is 25777 a composite number?
True
Is 745 composite?
True
Is 21677 composite?
True
Is 6299 a prime number?
True
Is 9897 a composite number?
True
Is 1610329 a prime number?
False
Is 629777 composite?
True
Is 16603 prime?
True
Is 542319 a composite number?
True
Is 90037 prime?
False
Is 13157 a composite number?
True
Is 117307 prime?
True
Is 8794 composite?
True
Is 55 composite?
True
Is 47105 a prime number?
False
Is 37673 prime?
False
Is 23719 a composite number?
False
Is 947989 a prime number?
False
Is 1557586 a composite number?
True
Is 89678 a composite number?
True
Is 211 prime?
True
Is 2383 prime?
True
Is 127339 a composite number?
True
Is 7417 composite?
False
Is 11597 a composite number?
False
Is 1608569 a prime number?
True
Is 11309 composite?
True
Is 187307 composite?
True
Is 204557 composite?
False
Is 3599 a composite number?
True
Is 70673 composite?
True
Is 1361 prime?
True
Is 425083 a composite number?
False
Is 37129 composite?
True
Is 45347 a composite number?
True
Is 22109 a composite number?
False
Is 19911 prime?
False
Is 297683 a prime number?
True
Is 4471 a composite number?
True
Is 4339 composite?
False
Is 64867 composite?
True
Is 28957 a prime number?
False
Is 201 prime?
False
Is 4357 prime?
True
Is 105089 a prime number?
False
Is 44179 prime?
True
Is 199657 a prime number?
True
Is 51 a prime number?
False
Is 235087 a prime number